 14
179
-11 (base 11) to base 3
-110
-5 (base 13) to base 16
-5
14 (base 5) to base 13
9
-18 (base 12) to base 3
-202
What is -120 (base 9) in base 16?
-63
Convert -101000 (base 2) to base 10.
-40
Convert -103 (base 4) to base 5.
-34
Convert -112 (base 4) to base 15.
-17
Convert -49 (base 16) to base 9.
-81
10 (base 10) to base 13
a
What is -85 (base 10) in base 8?
-125
13 (base 9) to base 13
c
-259 (base 11) to base 10
-306
Convert 110 (base 12) to base 10.
156
-68 (base 10) to base 16
-44
2 (base 13) to base 10
2
-202 (base 5) to base 6
-124
Convert 1000 (base 2) to base 5.
13
What is 35 (base 7) in base 12?
22
Convert -33 (base 9) to base 6.
-50
Convert 4 (base 6) to base 8.
4
What is 3 (base 10) in base 4?
3
Convert -120 (base 4) to base 3.
-220
Convert 23 (base 4) to base 11.
10
-12 (base 5) to base 12
-7
Convert 3 (base 11) to base 15.
3
-34 (base 10) to base 5
-114
Convert -115 (base 6) to base 8.
-57
Convert -16 (base 9) to base 8.
-17
Convert -5 (base 7) to base 5.
-10
Convert 1 (base 6) to base 4.
1
What is -63 (base 13) in base 7?
-144
What is 2 (base 4) in base 8?
2
Convert 8 (base 16) to base 8.
10
5 (base 12) to base 3
12
What is 38 (base 13) in base 16?
2f
Convert -7 (base 10) to base 9.
-7
What is 4 (base 12) in base 10?
4
-1120 (base 4) to base 14
-64
What is -40 (base 6) in base 2?
-11000
What is -7 (base 13) in base 8?
-7
Convert -1022 (base 3) to base 15.
-25
What is 1 (base 13) in base 2?
1
-6 (base 12) to base 8
-6
Convert -7 (base 8) to base 16.
-7
What is -1 (base 2) in base 16?
-1
Convert 2 (base 5) to base 2.
10
What is 110 (base 3) in base 4?
30
4b (base 13) to base 6
143
10111 (base 2) to base 15
18
-16 (base 7) to base 8
-15
What is 2 (base 3) in base 12?
2
Convert -53 (base 16) to base 14.
-5d
Convert 236 (base 11) to base 6.
1145
What is 2 (base 10) in base 8?
2
What is -115 (base 8) in base 3?
-2212
What is 1 (base 14) in base 9?
1
What is 14 (base 12) in base 14?
12
Convert 10212 (base 4) to base 14.
170
What is 2 (base 10) in base 14?
2
-2023 (base 5) to base 4
-10013
6 (base 14) to base 10
6
Convert -3 (base 6) to base 8.
-3
-3 (base 11) to base 12
-3
What is -4 (base 15) in base 12?
-4
-11 (base 4) to base 2
-101
-22 (base 12) to base 8
-32
-60 (base 10) to base 14
-44
-100 (base 3) to base 12
-9
What is 27 (base 15) in base 9?
41
What is 18 (base 15) in base 6?
35
What is -5 (base 12) in base 9?
-5
-13 (base 14) to base 8
-21
What is -2 (base 10) in base 4?
-2
1 (base 10) to base 2
1
Convert 300 (base 9) to base 6.
1043
Convert 100 (base 2) to base 13.
4
-144 (base 6) to base 13
-4c
34 (base 8) to base 12
24
Convert 10 (base 3) to base 11.
3
What is -23 (base 13) in base 11?
-27
8 (base 11) to base 8
10
1 (base 7) to base 4
1
Convert 7b (base 16) to base 14.
8b
-11 (base 3) to base 4
-10
5 (base 12) to base 6
5
What is -2c (base 14) in base 6?
-104
What is -1001 (base 2) in base 6?
-13
-1 (base 7) to base 4
-1
Convert -10 (base 6) to base 9.
-6
-5 (base 7) to base 10
-5
Convert 223 (base 7) to base 4.
1303
Convert 5 (base 6) to base 14.
5
Convert 4 (base 7) to base 5.
4
What is -56 (base 14) in base 3?
-2211
Convert a8 (base 11) to base 7.
226
What is -10 (base 7) in base 10?
-7
What is 251 (base 8) in base 9?
207
117 (base 11) to base 7
256
Convert 1 (base 10) to base 3.
1
Convert -10 (base 8) to base 13.
-8
What is 31 (base 5) in base 6?
24
12 (base 4) to base 13
6
a0 (base 15) to base 10
150
Convert 3 (base 8) to base 2.
11
4 (base 6) to base 8
4
Convert -3 (base 14) to base 15.
-3
What is 9 (base 13) in base 5?
14
Convert -100 (base 10) to base 6.
-244
What is 6 (base 7) in base 14?
6
What is -21 (base 7) in base 14?
-11
What is -16 (base 16) in base 10?
-22
What is -d (base 14) in base 16?
-d
Convert -10011 (base 2) to base 9.
-21
What is -b1 (base 15) in base 11?
-141
-100 (base 3) to base 8
-11
What is -4 (base 12) in base 15?
-4
What is -4 (base 15) in base 6?
-4
What is 7a (base 11) in base 10?
87
1 (base 16) to base 7
1
Convert -2a (base 14) to base 15.
-28
Convert -101 (base 3) to base 15.
-a
Convert 1d (base 16) to base 9.
32
What is -61 (base 12) in base 9?
-81
-10 (base 6) to base 2
-110
-97 (base 14) to base 15
-8d
Convert -2 (base 15) to base 12.
-2
What is -2000 (base 3) in base 5?
-204
Convert 60 (base 13) to base 3.
2220
Convert -10 (base 16) to base 4.
-100
Convert 53 (base 15) to base 7.
141
17 (base 13) to base 5
40
Convert 32 (base 7) to base 2.
10111
1010101 (base 2) to base 8
125
What is -17 (base 10) in base 6?
-25
What is 10010 (base 2) in base 10?
18
What is -1e (base 15) in base 5?
-104
-3 (base 16) to base 8
-3
Convert -a5 (base 11) to base 8.
-163
What is a (base 15) in base 12?
a
4 (base 12) to base 14
4
What is -13 (base 4) in base 11?
-7
What is -2 (base 13) in base 12?
-2
-3 (base 15) to base 11
-3
What is 54 (base 11) in base 15?
3e
Convert -2 (base 6) to base 10.
-2
What is -43 (base 9) in base 15?
-29
Convert -40 (base 6) to base 14.
-1a
-2 (base 15) to base 6
-2
244 (base 5) to base 12
62
What is b (base 16) in base 9?
12
Convert 0 (base 7) to base 14.
0
-126 (base 14) to base 8
-346
What is 22 (base 7) in base 5?
31
Convert -2 (base 15) to base 8.
-2
Convert -33 (base 11) to base 13.
-2a
Convert 0 (base 13) to base 8.
0
Convert -6 (base 12) to base 7.
-6
Convert -110 (base 15) to base 3.
-22220
What is 1 (base 15) in base 5?
1
What is 7 (base 13) in base 12?
7
What is -3e (base 15) in base 13?
-47
What is 2 (base 15) in base 10?
2
What is 4 (base 13) in base 9?
4
Convert -3 (base 5) to base 9.
-3
Convert 0 (base 11) to base 14.
0
What is -6 (base 10) in base 2?
-110
Convert 0 (base 6) to base 5.
0
Convert -b (base 15) to base 11.
-10
What is 10 (base 11) in base 13?
b
What is 0 (base 12) in base 11?
0
3 (base 11) to base 16
3
What is -1 (base 14) in base 13?
-1
Convert -4 (base 11) to base 8.
-4
-3 (base 5) to base 3
-10
What is 4 (base 7) in base 6?
4
Convert -22 (base 5) to base 9.
-13
What is 10101 (base 2) in base 15?
16
What is -4 (base 11) in base 3?
-11
What is -103 (base 9) in base 16?
-54
Convert 221 (base 8) to base 9.
171
What is 16 (base 7) in base 5?
23
Convert 4 (base 7) to base 12.
4
Convert -12 (base 6) to base 9.
-8
-110 (base 10) to base 14
-7c
-22 (base 16) to base 7
-46
What is 223 (base 4) in base 16?
2b
Convert -3 (base 5) to base 2.
-11
Convert -24 (base 8) to base 16.
-14
What is a (base 11) in base 9?
11
Convert -11 (base 5) to base 12.
-6
What is -2 (base 7) in base 6?
-2
Convert 1 (base 11) to base 7.
1
Convert -3 (base 14) to base 5.
-3
Convert 0 (base 14) to base 4.
0
Convert 12012 (base 3) to base 10.
140
-3 (base 7) to base 4
-3
Convert 171 (base 9) to base 3.
12101
-2 (base 7) to base 16
-2
What is 7 (base 9) in base 12?
7
8 (base 9) to base 4
20
Convert -30 (base 7) to base 9.
-23
Convert 1012 (base 4) to base 3.
2121
What is 6 (base 11) in base 15?
6
Convert 201 (base 4) to base 3.
1020
Convert -60 (base 8) to base 4.
-300
What is 22 (base 7) in base 16?
10
What is 0 (base 12) in base 5?
0
What is -102010 (base 3) in base 8?
-454
Convert 1a (base 11) to base 2.
10101
-1 (base 11) to base 16
-1
Convert -9 (base 13) to base 3.
-100
100 (base 4) to base 16
10
What is 0 (base 8) in base 11?
0
Convert 104 (base 8) to base 14.
4c
-9a (base 13) to base 8
-177
a (base 13) to base 14
a
What is 1 (base 14) in base 4?
1
What is -4b (base 16) in base 8?
-113
Convert 3 (base 15) to base 16.
3
What is 11a (base 15) in base 7?
505
What is -343 (base 5) in base 12?
-82
Convert 10022 (base 3) to base 6.
225
What is -31 (base 16) in base 13?
-3a
Convert -44 (base 6) to base 5.
-103
14 (base 7) to base 4
23
Convert 102 (base 3) to base 11.
10
Convert -49 (base 10) to base 7.
-100
Convert 8 (base 16) to base 15.
8
What is 4 (base 13) in base 12?
4
Convert -2 (base 7) to base 10.
-2
8 (base 12) to base 4
20
What is 17 (base 12) in base 5?
34
Convert -64 (base 11) to base 10.
-70
What is 1031 (base 5) in base 2?
10001101
What is -8 (base 14) in base 8?
-10
9 (base 14) to base 11
9
-25 (base 7) to base 8
-23
What is -3 (base 6) in base 16?
-3
1 (base 4) to base 6
1
-96 (base 14) to base 5
-1012
Convert -77 (base 12) to base 16.
-5b
What is -12 (base 8) in base 13?
-a
2102 (base 3) to base 13
50
23 (base 7) to base 9
18
Convert -8 (base 15) to base 12.
